ite number?
True
Is 441499 composite?
False
Is 391541 composite?
True
Is 378535 composite?
True
Is 240953 prime?
True
Is 23098 a composite number?
True
Is 275201 a composite number?
False
Is 33238 prime?
False
Is 40063 a prime number?
True
Is 2557 a composite number?
False
Is 113917 a prime number?
False
Is 238939 a prime number?
True
Is 6449 a composite number?
False
Is 38929 a prime number?
False
Is 61141 composite?
False
Is 1151 composite?
False
Is 16979 composite?
False
Is 20021 prime?
True
Is 6431 composite?
True
Is 434983 composite?
True
Is 60289 a composite number?
False
Is 3589 a composite number?
True
Is 1169807 composite?
True
Is 209 prime?
False
Is 40693 a prime number?
True
Is 69283 composite?
True
Is 284603 prime?
False
Is 6805 prime?
False
Is 16411 composite?
False
Is 532339 a composite number?
True
Is 29917 composite?
False
Is 258871 a prime number?
True
Is 168407 composite?
True
Is 11597 composite?
False
Is 113587 composite?
True
Is 114783 prime?
False
Is 449159 a composite number?
True
Is 633889 prime?
False
Is 32869 composite?
False
Is 760379 composite?
True
Is 660659 a composite number?
False
Is 18119 prime?
True
Is 7439 composite?
True
Is 67667 composite?
True
Is 818 composite?
True
Is 563 a composite number?
False
Is 37139 composite?
False
Is 896051 a composite number?
True
Is 4321 a composite number?
True
Is 18089 a prime number?
True
Is 153793 a composite number?
True
Is 498493 prime?
True
Is 3958 composite?
True
Is 1300943 composite?
True
Is 11087 a composite number?
False
Is 187751 composite?
False
Is 139241 a prime number?
True
Is 173449 a composite number?
True
Is 1011163 composite?
False
Is 6 a composite number?
True
Is 16387 a prime number?
False
Is 333803 composite?
False
Is 20267 composite?
True
Is 1379 a prime number?
False
Is 47903 a prime number?
True
Is 1993795 a prime number?
False
Is 6049 a prime number?
False
Is 307423 a composite number?
False
Is 65737 prime?
False
Is 1633 prime?
False
Is 31927 a composite number?
True
Is 17026 composite?
True
Is 56489 a prime number?
True
Is 1055 prime?
False
Is 33287 prime?
True
Is 94019 a composite number?
True
Is 16621 composite?
True
Is 23977387 composite?
True
Is 54203 a composite number?
True
Is 24943 prime?
True
Is 7451 a composite number?
False
Is 1195859 a prime number?
False
Is 177461 prime?
False
Is 211849 a prime number?
False
Is 90203 prime?
True
Is 3719 a prime number?
True
Is 1289501 composite?
True
Is 1497417 prime?
False
Is 121337 composite?
True
Is 290401 composite?
True
Is 37267 composite?
True
Is 116989 composite?
False
Is 100103 a composite number?
False
Is 185593 a composite number?
False
Is 3989 composite?
False
Is 18671 a prime number?
True
Is 68567 composite?
False
Is 215011 a prime number?
False
Is 386273 a composite number?
True
Is 66851 a composite number?
False
Is 8203 composite?
True
Is 202346 prime?
False
Is 181517 prime?
False
Is 26099 a prime number?
True
Is 2409889 a composite number?
True
Is 4493 a prime number?
True
Is 17057 composite?
True
Is 177623 a prime number?
True
Is 102815 a prime number?
False
Is 140871 prime?
False
Is 260137 prime?
True
Is 3217 a prime number?
True
Is 40987 composite?
True
Is 974905 a prime number?
False
Is 282377 prime?
True
Is 21211 a prime number?
True
Is 389237 a composite number?
True
Is 3111411 a composite number?
True
Is 19567 composite?
True
Is 33001 prime?
False
Is 979 a prime number?
False
Is 966527 composite?
False
Is 10057 a composite number?
True
Is 10993 a prime number?
True
Is 726281 composite?
True
Is 15833 a composite number?
True
Is 2971 a prime number?
True
Is 14681 a composite number?
True
Is 123107 prime?
False
Is 160117 a composite number?
False
Is 766163 a prime number?
True
Is 61291 composite?
False
Is 28529 composite?
True
Is 65497 a prime number?
True
Is 103577 a composite number?
False
Is 877 composite?
False
Is 114593 a composite number?
False
Is 39419 a composite number?
False
Is 79877 a composite number?
True
Is 202718 composite?
True
Is 259859 a composite number?
True
Is 68401 composite?
True
Is 1361 a prime number?
True
Is 116707 a composite number?
False
Is 673 a prime number?
True
Is 301037 composite?
True
Is 33443 a prime number?
False
Is 174679 a prime number?
True
Is 61207 a composite number?
True
Is 20789 prime?
True
Is 1092019 composite?
False
Is 11827 composite?
False
Is 2203 a composite number?
False
Is 41277 a composite number?
True
Is 529429 composite?
True
Is 458331 composite?
True
Is 133379 prime?
True
Is 684183 composite?
True
Is 5027 prime?
False
Is 279511 prime?
True
Is 42787 a composite number?
False
Is 1171231 composite?
False
Is 355267 prime?
False
Is 10133 a composite number?
False
Is 3973 composite?
True
Is 879227 prime?
True
Is 159491 composite?
False
Is 23399 composite?
False
Is 213743 a composite number?
True
Is 5135381 a composite number?
False
Is 7985 prime?
False
Is 9287 a composite number?
True
Is 65167 composite?
False
Is 2281 prime?
True
Is 19871 a composite number?
True
Is 18559 composite?
True
Is 160817 prime?
True
Is 15727 composite?
False
Is 26303 prime?
False
Is 134989 prime?
True
Is 497 prime?
False
Is 258173 composite?
False
Is 4049 a prime number?
True
Is 15501 a composite number?
True
Is 82541 a composite number?
True
Is 449347 composite?
False
Is 325931 a prime number?
False
Is 30631 a composite number?
False
Is 13001 a composite number?
False
Is 213821 a composite number?
False
Is 45763 a composite number?
False
Is 48299 prime?
True
Is 14621 a prime number?
True
Is 2101 composite?
True
Is 31431 prime?
False
Is 6406 composite?
True
Is 936109 composite?
True
Is 110977 composite?
False
Is 10405 a composite number?
True
Is 7363 a prime number?
False
Is 610679 prime?
False
Is 371171 a composite number?
True
Is 37795 a prime number?
False
Is 13049 composite?
False
Is 149969 a prime number?
True
Is 1253 a prime number?
False
Is 11303 prime?
False
Is 307159 composite?
True
Is 55103 a prime number?
True
Is 2545 a prime number?
False
Is 5378581 composite?
True
Is 164935 a composite number?
True
Is 187631 a composite number?
False
Is 4561 a composite number?
False
Is 885409 composite?
True
Is 7297 a composite number?
False
Is 3191 a composite number?
False
Is 429211 composite?
False
Is 14123 a prime number?
False
Is 65483 prime?
False
Is 2275513 prime?
True
Is 100043 composite?
False
Is 16361 a prime number?
True
Is 6276529 composite?
True
Is 254369 a prime number?
True
Is 206743 prime?
False
Is 4711 a composite number?
True
Is 35151 prime?
False
Is 42838 a prime number?
False
Is 574591 a prime number?
False
Is 646669 a composite number?
False
Is 3664799 a composite number?
False
Is 14851 composite?
False
Is 41869 composite?
True
Is 73277 prime?
True
Is 131669 a composite number?
True
Is 134473 a prime number?
False
Is 16877 a composite number?
True
Is 41051 composite?
False
Is 7523 a prime number?
True
Is 5147 composite?
False
Is 8329 composite?
False
Is 97741 a prime number?
False
Is 4894 composite?
True
Is 1279 composite?
False
Is 23315 prime?
False
Is 77849 a composite number?
False
Is 1883 prime?
False
Is 3241 prime?
False
Is 1000879 a prime number?
False
Is 6467 a composite number?
True
Is 88643 a prime number?
True
Is 8014 prime?
False
Is 6995 prime?
False
Is 158287 a prime number?
False
Is 20647 a composite number?
True
Is 5045 composite?
True
Is 487811 a prime number?
True
Is 3359 composite?
False
Is 2554 composite?
True
Is 8791 a composite number?
True
Is 77929 a composite number?
False
Is 7039 a composite number?
False
Is 2753393 composite?
True
Is 27533 composite?
True
Is 71587 a prime number?
False
Is 203059 prime?
False
Is 474457 composite?
True
Is 3041 a prime number?
True
Is 43451 prime?
True
Is 69079 a prime number?
False
Is 2101 prime?
False
Is 424049 a composite number?
True
Is 1212769 a prime number?
True
Is 373873 prime?
False
Is 199241 a prime number?
False
Is 36151 prime?
True
Is 7747 composite?
True
Is 2252645 a composite number?
True
Is 2479 prime?
False
Is 16015 a prime number?
False
Is 3127 composite?
True
Is 46133 a prime number?
True
Is 13343 composite?
True
Is 1879 a prime number?
True
Is 47209 composite?
True
Is 525311 a composite number?
True
Is 234941 composite?
True
Is 7789 a prime number?
True
Is 12977 compos